21212121221 - 0?
21212121221
In base 16, what is bb68a + 0?
bb68a
In base 8, what is 521 + -7220?
-6477
In base 8, what is 54743 - -1?
54744
In base 16, what is 56f - 29?
546
In base 13, what is 3 - 637a?
-6377
In base 13, what is 15b8 + 17?
1602
In base 13, what is -4 - -41429?
41425
In base 5, what is 30043404 - -10?
30043414
In base 9, what is 644016 - -5?
644022
In base 11, what is 5 + 84211?
84216
In base 5, what is -412141 + 10?
-412131
In base 7, what is 105 - -4662?
5100
In base 6, what is 1235211 - 14?
1235153
In base 13, what is 17 - -43a2b?
43a45
In base 12, what is 85a3b - 0?
85a3b
In base 11, what is -6276 - 47?
-6312
In base 9, what is -11 + -1515?
-1526
In base 4, what is 2311 + 22?
2333
In base 12, what is 515 + 26?
53b
In base 10, what is -15086 + 4?
-15082
In base 15, what is -4 + 1445b?
14457
In base 15, what is 1aba6 + -1?
1aba5
In base 7, what is 3 - -420255?
420261
In base 14, what is -5 + -18a17?
-18a1c
In base 13, what is -1 - -2948?
2947
In base 16, what is 7bd3 - 6?
7bcd
In base 4, what is 100 + -22210?
-22110
In base 16, what is 40b0 + 1b?
40cb
In base 6, what is 4134 + -225?
3505
In base 7, what is -500 - -1533?
1033
In base 9, what is -17585 + 1?
-17584
In base 16, what is 0 - 8a78?
-8a78
In base 12, what is -9172 + 5?
-9169
In base 13, what is -752596 + 4?
-752592
In base 13, what is -10036 - c?
-10045
In base 10, what is -156 - 198?
-354
In base 3, what is 11 + 10100021222?
10100022010
In base 10, what is -76 + -60540?
-60616
In base 7, what is 3 + -63313?
-63310
In base 4, what is -1 - 3321202?
-3321203
In base 15, what is 1e1e41 + -1?
1e1e40
In base 5, what is 10 + 2144133?
2144143
In base 6, what is -50 - -341304?
341214
In base 8, what is 3513 - 33?
3460
In base 2, what is 10110001011011000010 - 100?
10110001011010111110
In base 6, what is -34 + 13542?
13504
In base 16, what is 18 + 532a?
5342
In base 2, what is -100001010010010110011 + -11?
-100001010010010110110
In base 16, what is de09 - 0?
de09
In base 5, what is 21 - -422?
443
In base 10, what is 697 - -373?
1070
In base 8, what is -375102 + -2?
-375104
In base 2, what is 1010101101111001 - -1100?
1010101110000101
In base 6, what is -25 - -1030?
1001
In base 5, what is -3 - -403302?
403244
In base 3, what is 22121 - 101212?
-2021
In base 13, what is 5637b + -3?
56378
In base 2, what is 1000111110000010010001 + 100?
1000111110000010010101
In base 2, what is 111 - -1000001010001010?
1000001010010001
In base 10, what is 538 - -39?
577
In base 6, what is 4 + 121214?
121222
In base 7, what is 4 - -21213160?
21213164
In base 2, what is 1111101011110101100 - -11?
1111101011110101111
In base 16, what is -6a1 + 3a?
-667
In base 15, what is -1b - 1669?
-1685
In base 11, what is 122537 - 2?
122535
In base 7, what is -5 - -4634041?
4634033
In base 9, what is -12118 + -361?
-12480
In base 4, what is -223 + -100203?
-101032
In base 2, what is 100 - -10110111100001111?
10110111100010011
In base 11, what is 29 - 415?
-397
In base 13, what is -2a911b + 0?
-2a911b
In base 10, what is -1345 + 27?
-1318
In base 16, what is -d6 - 22?
-f8
In base 9, what is -80 - 3731?
-3821
In base 15, what is -4394 - 8?
-439c
In base 7, what is -114 + -4353?
-4500
In base 15, what is 5 + a390?
a395
In base 8, what is 1100611 - 7?
1100602
In base 6, what is 1 + -12212552?
-12212551
In base 15, what is 4 + -89b1?
-89ac
In base 9, what is -62110 - 5?
-62115
In base 4, what is 3 - 2021210011?
-2021210002
In base 6, what is 52434 + 304?
53142
In base 15, what is -848 - -c?
-83b
In base 16, what is -8722 + e?
-8714
In base 13, what is 322 + 22?
344
In base 5, what is 4 + 12222043?
12222102
In base 3, what is 1002 - -11101200?
11102202
In base 16, what is -10e75 - -3?
-10e72
In base 3, what is 100201002020 + -1010?
100201001010
In base 13, what is 11449 + 4?
11450
In base 2, what is -100111101 - 1100111001?
-10001110110
In base 13, what is -3 + -269c?
-26a2
In base 11, what is -115 + -140?
-255
In base 11, what is 0 - 3038?
-3038
In base 7, what is -233 - 311?
-544
In base 13, what is -62 - cb41?
-cba3
In base 14, what is -454c0 + 3?
-454bb
In base 3, what is -10 + -2102110121202?
-2102110121212
In base 7, what is 1 + 253150?
253151
In base 8, what is -100 + 405?
305
In base 2, what is -11000110110001000 + 11?
-11000110110000101
In base 5, what is -444220 + 233?
-443432
In base 13, what is 2484a - -4?
24851
In base 11, what is 29 - -1198?
1216
In base 13, what is -19b0c1 + -5?
-19b0c6
In base 3, what is -121111000 + -111022?
-121222022
In base 15, what is 2141 + -76?
20ba
In base 16, what is -1bf - 2b?
-1ea
In base 5, what is 3104343 + 1?
3104344
In base 10, what is -2 - 70875?
-70877
In base 14, what is 2c7 + -2d2?
-9
In base 13, what is 159 + -bc?
6a
In base 3, what is 12 + -11121220210?
-11121220121
In base 8, what is 1 + 41204?
41205
In base 10, what is 1 - -3263?
3264
In base 11, what is 15503 + 4?
15507
In base 10, what is 31933 - -5?
31938
In base 12, what is -16b03 + 4?
-16abb
In base 3, what is 1022221 + 10?
1100001
In base 2, what is -1 + 11100010111000?
11100010110111
In base 10, what is -10832 - -3?
-10829
In base 13, what is -3c - -4254?
4215
In base 6, what is 15 + -14440?
-14421
In base 15, what is -2 + -8688?
-868a
In base 16, what is 498a8 + -11?
49897
In base 2, what is 11000011111111011 - 11?
11000011111111000
In base 5, what is -4 + -42214?
-42223
In base 14, what is 44400 - 1?
443dd
In base 8, what is -1350 + 541?
-607
In base 3, what is 10000212020 + 120?
10000212210
In base 4, what is 0 + 31012311?
31012311
In base 4, what is -131113 + 13?
-131100
In base 3, what is 10 - 1021001221?
-1021001211
In base 11, what is 5 + 42533?
42538
In base 13, what is 331 - 10c6?
-a95
In base 7, what is -1 - 11661?
-11662
In base 14, what is -6419c + 1?
-6419b
In base 7, what is 5026 - -10?
5036
In base 2, what is 100011011111 - -11?
100011100010
In base 2, what is 101 - -1101101000001010?
1101101000001111
In base 2, what is -111 - 10010000101?
-10010001100
In base 15, what is 1c + -3ae?
-392
In base 4, what is -132210 - -103002?
-23202
In base 15, what is -2499 - -7?
-2492
In base 10, what is -21 + 13609?
13588
In base 4, what is -101232 - 321333?
-1023231
In base 7, what is 345055 + -6?
345046
In base 11, what is -12 + 802?
7a0
In base 6, what is 253500 - -1?
253501
In base 13, what is 857 - -256?
ab0
In base 16, what is 736 - 813?
-dd
In base 16, what is -3 + 5f6c?
5f69
In base 13, what is a07 - a?
9ca
In base 14, what is 18590 + -38?
18556
In base 14, what is -12 + 66a?
658
In base 3, what is -100 + 110101111?
110101011
In base 9, what is 70464 - -47?
70522
In base 8, what is 362 - -31?
413
In base 7, what is -15664361 + 5?
-15664353
In base 13, what is c - 3934?
-3925
In base 7, what is 3 - 1421542?
-1421536
In base 3, what is 11220002 + -10021?
11202211
In base 11, what is -2492 - 160?
-2642
In base 2, what is 110100011101111 + 10101?
110100100000100
In base 5, what is 2443422 - -122?
2444044
In base 14, what is -b - -c106?
c0d9
In base 4, what is 1301 + -2311?
-1010
In base 7, what is -1 - -122134?
122133
In base 6, what is 331 + -100312?
-55541
In base 14, what is -633 - 70?
-6a3
In base 4, what is -3113331 + -11?
-3120002
In base 3, what is 0 - 1100000120?
-1100000120
In base 7, what is 255342 + -6?
255333
In base 6, what is -1514014 - 5?
-1514023
In base 3, what is 1121222 + 20001121?
21200120
In base 7, what is -130614 - 4?
-130621
In base 11, what is 133a7 + -72?
13335
In base 8, what is 0 - 2204166?
-2204166
In base 4, what is -2130232 + 2120?
-2122112
In base 8, what is 47 + 5770?
6037
In base 8, what is -1 - 2257331?
-2257332
In base 9, what is 14882 + -1?
14881
In base 9, what is -10686 + -73?
-10770
In base 13, what is 143 - 488?
-345
In base 3, what is -2001202022 - -2?
-2001202020
In base 12, what is 0 + -9409?
-9409
In base 11, what is -11207 - 6?
-11212
In base 2, what is -1 - 10010000101010100?
-10010000101010101
In base 7, what is 161556 - 45?
161511
In base 16, what is 2acda0 + -4?
2acd9c
In base 9, what is 115874 - -2?
115876
In base 4, what is -103 - 12103?
-12212
In base 2, what is -1001 + -100011000000010101?
-100011000000011110
In base 7, what is -3223 + 45?
-3145
In base 12, what is -3960a0 - 3?
-3960a3
In base 6, what is -32551552 + 0?
-32551552
In base 9, 